 = -f, f - h - 5 + 17 = 0. Let b(u) = -2*u - 9. What is the units digit of b(f)?
9
Suppose 14*h - 24769 = 14025. What is the thousands digit of h?
2
Suppose -33*r + 9530 = -8257. What is the tens digit of r?
3
What is the units digit of 4293 - (-2 + 7) - (7 - 2)?
3
Let i = -18 + 20. Let u be -5*(i - (-14)/(-5)). Suppose -u*o + 35 = 3*z, 0*z = 3*o + z - 20. What is the units digit of o?
5
Let r(w) = w**2 - 6*w - 3. Let h be r(7). Suppose p - h = -4*p - 3*z, -4*p = z + 1. Let f = 27 - p. What is the units digit of f?
8
Let c = 5 + -5. Suppose 2*i - 331 = -5*o, -2*o + 3*i + 168 - 47 = c. What is the units digit of o?
5
Let k(x) = -2*x**2 + 25 - 6*x**2 - 11*x + 11*x**2. What is the tens digit of k(6)?
6
Let l(c) = -c**3 - 23*c**2 - 28*c + 24. Let w be l(-22). Let x = w + -75. What is the tens digit of x?
8
Let t(z) = 24*z. Suppose 7 - 67 = 5*y + 5*j, -5*y - 20 = -5*j. Let w be t(y). What is the units digit of ((-5)/(-10))/((-3)/w)?
2
What is the tens digit of ((-203)/63)/(7/42)*-12?
3
Let n be (0 + 2)/2*-1. Suppose -22*u + 25*u + 5*m = 39, 5*m = -4*u + 52. Let o = n + u. What is the units digit of o?
2
Let p(u) = 55*u + 134. What is the tens digit of p(7)?
1
Let g(i) be the third derivative of i**6/120 - 7*i**5/60 + i**4/24 - 3*i**3/2 - i**2. Let h be g(7). What is the tens digit of 225/12 - h/8?
1
Suppose 2*l - 22 = r + 4*r, -44 = -4*l + 3*r. Suppose -7*s + l*s - 8 = 0. Suppose p - 32 = -5*j, 0*j + 4*j - s*p = 20. What is the units digit of j?
6
Suppose -2*b = -q - 367, -b + 7*q = 2*q - 197. What is the units digit of b?
2
Suppose 2980 = 6*j + 4*j. Suppose 88 - j = -6*a. What is the units digit of a?
5
Let r(t) = -t + 10. Let a be r(-7). Suppose 2*u + l = 7*u - a, -4*u + 2*l = -10. Suppose 62 = u*j - 18. What is the units digit of j?
0
Let r(f) = -f**3 + 5*f**2 + 2*f. Let t(i) = i - 4. Let z be t(9). Let j be r(z). Suppose -15*g + j*g + 125 = 0. What is the units digit of g?
5
Let b be 2 + 4/(-18) + (-1822)/(-18). Suppose 17 = 3*c - m, -c + 7 = 2*c + m. Suppose b = c*v + 5*q, 5*q = v + v - 89. What is the tens digit of v?
3
Let c be (-1)/3*((3 - -2) + 34). Let r(v) = -2*v**2 - 26*v + 16. What is the tens digit of r(c)?
1
Let q(z) be the third derivative of z**4/12 - 2*z**3 - 37*z**2. What is the tens digit of q(18)?
2
Let h(l) = -l**2 - l + 191. Let w be h(0). Suppose 3*t - w = 5*k - 81, -k = 2*t - 56. What is the tens digit of t?
3
Let z(b) = -b - 6. Let d be z(-12). Suppose -50 = -d*o + o. Let u = o - 1. What is the units digit of u?
9
Suppose -12*a + 1071 = 4*q - 7*a, -4 = 4*a. What is the hundreds digit of q?
2
Suppose -3*q - 2*k = -12, 3*q + 4*k - 16 = q. Let w be (-2)/4 - (-275)/22. Suppose -5*i + 114 = r, q*i + 4*r + w = 54. What is the units digit of i?
3
Let k(c) be the second derivative of 23*c**4/12 - c**2/2 - 27*c. Let d(o) = -o + 2. Let m be d(3). What is the units digit of k(m)?
2
Let y(f) = f**2 - 19*f + 73. Let c be y(14). Suppose -27 = m - 5*o - 193, -5*m + c*o + 852 = 0. What is the tens digit of m?
7
Let k(m) = -m**2 - 4*m + 7. Let t be k(-5). Suppose 0 = -5*v + 4*i - 5 - 3, 0 = -5*v - i + 2. Let j = v + t. What is the units digit of j?
2
Let z = 26 + -23. Suppose -z*f = -x - 121, -3*f - 2*f + 211 = 3*x. What is the tens digit of f?
4
What is the units digit of -2139*(-4)/30 - 2/10?
5
Let i(u) = -u**2 + 18*u - 27. What is the units digit of i(14)?
9
Suppose -3 = 3*o - 36. Suppose 3 = 2*c + 1. Let f = o + c. What is the units digit of f?
2
Let y = 13 + -21. Let r be 189/36 + 2/y. Suppose 0 = r*x + z - 57, -2*x - 2*x - 5*z = -33. What is the tens digit of x?
1
Suppose 0 = 4*k + 5*s - 37, 2 + 32 = 3*k + 5*s. What is the tens digit of (-1920)/(-72) + (-2)/k?
2
Suppose -31*m = -47*m + 9472. What is the tens digit of m?
9
Suppose 0 = 62*s - 57*s - 17785. What is the units digit of s?
7
Let i(s) = 9*s**2 - 2. Let n be i(-2). Suppose 14 = 2*l + 2*k + 40, 3*l = -2*k - n. What is the units digit of (-6)/(-4)*l/(-12)?
1
Let j(t) = -t**3 - 9*t**2 + 12. Let s be j(-9). Suppose -3*z = 15 - 3, -2*g - z = 26. Let k = g + s. What is the units digit of k?
1
Let o = 4238 + -1997. What is the hundreds digit of o?
2
Let b(l) = -3 + 7*l - 11*l + 36*l. What is the tens digit of b(1)?
2
Suppose 2394*t + 9750 = 2400*t. What is the hundreds digit of t?
6
Suppose 16 = -g + 5*g. Suppose -4*f + 4 = v, 0*v + g*f = v - 4. Suppose v*a = 3*a + 4*j + 14, -j = 5*a - 49. What is the units digit of a?
0
Let o be 23 - -1 - 4/(24/18). Let v = 1 + -1. Suppose v*c - o = -c. What is the tens digit of c?
2
Suppose 2*b - 2*r - 87 = r, b = -4*r + 16. Let q be (-168)/b*(-6)/4. Suppose q*c - 220 = 74. What is the tens digit of c?
4
What is the tens digit of (-97440)/(-770) - (-6)/(-11)?
2
Let s = -15 + 20. Suppose -6*o = -o + 2*q - 398, -s*o - 4*q = -396. What is the units digit of o/(-4)*(-22)/8?
5
Let d be (-3)/(4*(-3)/(-16)). Let q be d*(-12)/16 - 0. Let j = 7 + q. What is the tens digit of j?
1
Suppose r - 5*r + 48 = 0. Suppose -r*l = -8*l. Let w = l + 16. What is the tens digit of w?
1
Let z(q) = 59*q**2 + 18*q - 126. What is the units digit of z(7)?
1
Let p(h) = h**3 - 7*h**2 - 7*h - 8. Let k be p(8). Let r be k/2*(-9)/(-27). Suppose r = 2*s - 47 + 9. What is the tens digit of s?
1
Suppose -2*d + 14 = 4. Let r = 7 - 4. Suppose -r*h = 2*h - d. What is the units digit of h?
1
What is the thousands digit of 273258/170 + (-4)/10?
1
Let m be 11/((-44)/(-24)) - -5. Suppose m*h - 338 = 289. What is the tens digit of h?
5
Let d(q) = 9*q**3 - 12*q**2 - 5*q - 20. What is the hundreds digit of d(6)?
4
Let n be -4 + 9/1 + -3. Let m(x) = -x**3 + 4*x**2 - 2*x - 1. What is the units digit of m(n)?
3
Let v = -262 + 1740. What is the thousands digit of v?
1
Let j be 3*(16/(-6) + 2). What is the units digit of 10 - (j - 2 - -6)?
8
Suppose q + 1 = 2*y + 18, -4*y - 2*q - 14 = 0. Let v(k) = 96*k + 22. Let m be v(y). What is the units digit of 6/10 + m/(-10)?
6
Let t be (14 - 1) + (5 - 4). Suppose -18 = -2*a + t. Let l = 29 - a. What is the tens digit of l?
1
Let p be (4 - 9)/(-5) - -365. Suppose -l - 3 = 0, -3*f - l - 60 = -p. What is the tens digit of f?
0
Let p(k) = k**3 + 10*k**2 - 14*k - 26. Let n be p(-11). Suppose 0 = -n*o + 8*o - 214. What is the tens digit of o?
1
Suppose -2*s + 16 = -3*j, -4*j + 4 = 3*s - 3. Suppose 18 = s*y - 2, v = y + 79. What is the units digit of v?
3
Let b(p) = 7*p**2 + 4*p + 7. Let g = 30 - 26. What is the tens digit of b(g)?
3
Let p = -156 + 267. What is the tens digit of p?
1
Suppose p = 1 + 5. Let t be 105/14*(-8)/p. What is the tens digit of (13 - -1)/(t/(-20))?
2
Suppose -524 = -8*d + 2092. What is the hundreds digit of d?
3
Let o be ((-9)/6 + 2)*34. Let j = o + -17. Suppose 4*z + j*z - 72 = 0. What is the units digit of z?
8
Let b(v) = -69*v + 86. What is the hundreds digit of b(-17)?
2
Suppose -3*y - 717 = -2*k, 0 = 4*k - 6*y + 2*y - 1428. What is the units digit of k?
4
Let j = -43 - -47. Suppose -5*g - j*p + 104 = -104, -3*g + 4*p + 112 = 0. What is the tens digit of g?
4
Suppose -u - 1334 = -2*v + u, 659 = v + 3*u. What is the tens digit of v?
6
Suppose -4*a + 15 = 3*i, 4 = 5*i - 4*a + 11. Let h = 9 - i. Let s = 6 + h. What is the units digit of s?
4
Suppose -5*p - m + 25 = 0, -4*p + m - 5*m = -20. Suppose t + 3*z = 282, z = p*t + 476 - 1950. What is the tens digit of t?
9
Let x = -29 - -29. Suppose 0 = -5*w + 10, 3*w = 2*z - x*w - 2. Suppose n + 4*m - 16 = 19, -z*m = 0. What is the tens digit of n?
3
What is the units digit of 9/(-2)*1727888/(-1422)?
8
Suppose 147*v + 6783 = 168*v. What is the units digit of v?
3
Let r = -3 + 7. Let b = 7 - 5. What is the units digit of b + 2/r*-2?
1
Let t = 30 - 1. Let x(a) = a. Let w be x(3). Suppose -w*b + t = -1. What is the tens digit of b?
1
Let y(c) = -c**2 - 11*c - 18. Let o be y(-9). Suppose 170 = 5*d - 5*k, o = -4*d - k - 3*k + 96. What is the tens digit of d?
2
Let v(b) = b - 4. Suppose 0*j + 5*j - 35 = 0. Let m be v(j). Suppose 0*l - 4*c = -2*l + 24, m*c + 3 = 0. What is the units digit of l?
0
Let d(i) = i**3 - i**2 - 14*i + 2. Let v be d(6). Suppose -v = 2*o - 258. What is the tens digit of o?
8
Let b = -131 - -135. What is the units digit of b/(-18)*-3 + (-11109)/(-63)?
7
Let n be 109/5 + 3/15*1. Suppose -392 - n = -6*r. What is the units digit of r?
9
Let a = -16 - -28. Let v be 21/12 - (-3)